{"id":1167,"date":"2026-04-23T00:07:18","date_gmt":"2026-04-22T22:07:18","guid":{"rendered":"https:\/\/www.marche-sn.com\/sofat\/?page_id=1167"},"modified":"2026-04-23T00:43:45","modified_gmt":"2026-04-22T22:43:45","slug":"produits-avec-code-promo","status":"publish","type":"page","link":"https:\/\/www.marche-sn.com\/sofat\/produits-avec-code-promo\/","title":{"rendered":"Produits avec code promo"},"content":{"rendered":"\t\t<div data-elementor-type=\"wp-page\" data-elementor-id=\"1167\" class=\"elementor elementor-1167\">\n\t\t\t\t<div class=\"elementor-element elementor-element-7c0d18a2 e-flex e-con-boxed e-con e-parent\" data-id=\"7c0d18a2\" data-element_type=\"container\" data-e-type=\"container\">\n\t\t\t\t\t<div class=\"e-con-inner\">\n\t\t\t\t<div class=\"elementor-element elementor-element-25b428f7 elementor-widget elementor-widget-text-editor\" data-id=\"25b428f7\" data-element_type=\"widget\" data-e-type=\"widget\" data-widget_type=\"text-editor.default\">\n\t\t\t\t\t\t\t\t\t<div class=\"woocommerce columns-3\"><ul class=\"products columns-3\"><li class=\"product type-product post-16 status-publish first instock product_cat-chaussures has-post-thumbnail shipping-taxable purchasable product-type-simple\">\n\t<a href=\"https:\/\/www.marche-sn.com\/sofat\/produit\/chaussures-de-securite-modernes-et-sportives\/\" class=\"woocommerce-LoopProduct-link woocommerce-loop-product__link\"><img fetchpriority=\"high\" decoding=\"async\" width=\"300\" height=\"450\" src=\"https:\/\/www.marche-sn.com\/sofat\/wp-content\/uploads\/sites\/2\/2026\/01\/Gemini_Generated_Image_jannx6jannx6jann-300x450.png\" class=\"attachment-woocommerce_thumbnail size-woocommerce_thumbnail\" alt=\"Chaussures de s\u00e9curit\u00e9 modernes et sportives\" \/>         <script>\nfunction copyToClipboard(text, element) {\n    navigator.clipboard.writeText(text).then(() => {\n        const tooltip = element.querySelector('.copy-tooltip');\n        tooltip.classList.add('show');\n        setTimeout(() => tooltip.classList.remove('show'), 1500);\n    });\n}\n<\/script>\n         <div class=\"promo-overlay-badge\" onclick=\"copyToClipboard('SAL007', this); event.preventDefault();\">\n                <span class=\"promo-code-text\">Code Promo : SAL007<\/span>\n                <svg class=\"copy-icon\" viewBox=\"0 0 24 24\" width=\"12\" height=\"12\" fill=\"none\" stroke=\"currentColor\" stroke-width=\"2\"><rect x=\"9\" y=\"9\" width=\"13\" height=\"13\" rx=\"2\" ry=\"2\"><\/rect><path d=\"M5 15H4a2 2 0 0 1-2-2V4a2 2 0 0 1 2-2h9a2 2 0 0 1 2 2v1\"><\/path><\/svg>\n                <span class=\"copy-tooltip\">Copi\u00e9 !<\/span>\n              <\/div><h2 class=\"woocommerce-loop-product__title\">Chaussures de s\u00e9curit\u00e9 modernes et sportives<\/h2>\n\t<span class=\"price\"><span class=\"woocommerce-Price-amount amount\"><bdi>20 000&nbsp;<span class=\"woocommerce-Price-currencySymbol\">CFA<\/span><\/bdi><\/span><\/span>\n<\/a><a href=\"\/sofat\/wp-json\/wp\/v2\/pages\/1167?add-to-cart=16\" aria-describedby=\"woocommerce_loop_add_to_cart_link_describedby_16\" data-quantity=\"1\" class=\"button product_type_simple add_to_cart_button ajax_add_to_cart\" data-product_id=\"16\" data-product_sku=\"\" aria-label=\"Ajouter au panier\u00a0: &ldquo;Chaussures de s\u00e9curit\u00e9 modernes et sportives&rdquo;\" rel=\"nofollow\" data-success_message=\"\u00ab\u00a0Chaussures de s\u00e9curit\u00e9 modernes et sportives\u00a0\u00bb a \u00e9t\u00e9 ajout\u00e9 \u00e0 votre panier\" role=\"button\">Ajouter au panier<\/a>\t<span id=\"woocommerce_loop_add_to_cart_link_describedby_16\" class=\"screen-reader-text\">\n\t\t\t<\/span>\n<\/li>\n<\/ul><\/div>\t\t\t\t\t\t\t\t<\/div>\n\t\t\t\t\t<\/div>\n\t\t\t\t<\/div>\n\t\t\t\t<\/div>\n\t\t","protected":false},"excerpt":{"rendered":"","protected":false},"author":1,"featured_media":0,"parent":0,"menu_order":0,"comment_status":"closed","ping_status":"closed","template":"","meta":{"_acf_changed":false,"footnotes":""},"class_list":["post-1167","page","type-page","status-publish","hentry"],"acf":[],"yoast_head":"<!-- This site is optimized with the Yoast SEO plugin v26.9 - https:\/\/yoast.com\/product\/yoast-seo-wordpress\/ -->\n<title>Sofat Store | Plus Proche de vos d\u00e9sirs!<\/title>\n<meta name=\"robots\" content=\"index, follow, max-snippet:-1, max-image-preview:large, max-video-preview:-1\" \/>\n<link rel=\"canonical\" href=\"https:\/\/www.marche-sn.com\/sofat\/produits-avec-code-promo\/\" \/>\n<meta property=\"og:locale\" content=\"fr_FR\" \/>\n<meta property=\"og:type\" content=\"article\" \/>\n<meta property=\"og:title\" content=\"Sofat Store | Plus Proche de vos d\u00e9sirs!\" \/>\n<meta property=\"og:url\" content=\"https:\/\/www.marche-sn.com\/sofat\/produits-avec-code-promo\/\" \/>\n<meta property=\"og:site_name\" content=\"Sofat Store\" \/>\n<meta property=\"article:modified_time\" content=\"2026-04-22T22:43:45+00:00\" \/>\n<meta name=\"twitter:card\" content=\"summary_large_image\" \/>\n<meta name=\"twitter:label1\" content=\"Dur\u00e9e de lecture estim\u00e9e\" \/>\n\t<meta name=\"twitter:data1\" content=\"1 minute\" \/>\n<script type=\"application\/ld+json\" class=\"yoast-schema-graph\">{\"@context\":\"https:\/\/schema.org\",\"@graph\":[{\"@type\":\"WebPage\",\"@id\":\"https:\/\/www.marche-sn.com\/sofat\/produits-avec-code-promo\/\",\"url\":\"https:\/\/www.marche-sn.com\/sofat\/produits-avec-code-promo\/\",\"name\":\"Sofat Store | Plus Proche de vos d\u00e9sirs!\",\"isPartOf\":{\"@id\":\"https:\/\/www.marche-sn.com\/sofat\/#website\"},\"datePublished\":\"2026-04-22T22:07:18+00:00\",\"dateModified\":\"2026-04-22T22:43:45+00:00\",\"breadcrumb\":{\"@id\":\"https:\/\/www.marche-sn.com\/sofat\/produits-avec-code-promo\/#breadcrumb\"},\"inLanguage\":\"fr-FR\",\"potentialAction\":[{\"@type\":\"ReadAction\",\"target\":[\"https:\/\/www.marche-sn.com\/sofat\/produits-avec-code-promo\/\"]}]},{\"@type\":\"BreadcrumbList\",\"@id\":\"https:\/\/www.marche-sn.com\/sofat\/produits-avec-code-promo\/#breadcrumb\",\"itemListElement\":[{\"@type\":\"ListItem\",\"position\":1,\"name\":\"Accueil\",\"item\":\"https:\/\/www.marche-sn.com\/sofat\/\"},{\"@type\":\"ListItem\",\"position\":2,\"name\":\"Produits avec code promo\"}]},{\"@type\":\"WebSite\",\"@id\":\"https:\/\/www.marche-sn.com\/sofat\/#website\",\"url\":\"https:\/\/www.marche-sn.com\/sofat\/\",\"name\":\"Sofat Store\",\"description\":\"Plus proche de vos d\u00e9sirs!\",\"publisher\":{\"@id\":\"https:\/\/www.marche-sn.com\/sofat\/#organization\"},\"potentialAction\":[{\"@type\":\"SearchAction\",\"target\":{\"@type\":\"EntryPoint\",\"urlTemplate\":\"https:\/\/www.marche-sn.com\/sofat\/?s={search_term_string}\"},\"query-input\":{\"@type\":\"PropertyValueSpecification\",\"valueRequired\":true,\"valueName\":\"search_term_string\"}}],\"inLanguage\":\"fr-FR\"},{\"@type\":\"Organization\",\"@id\":\"https:\/\/www.marche-sn.com\/sofat\/#organization\",\"name\":\"Sofat Store\",\"url\":\"https:\/\/www.marche-sn.com\/sofat\/\",\"logo\":{\"@type\":\"ImageObject\",\"inLanguage\":\"fr-FR\",\"@id\":\"https:\/\/www.marche-sn.com\/sofat\/#\/schema\/logo\/image\/\",\"url\":\"https:\/\/www.marche-sn.com\/sofat\/wp-content\/uploads\/sites\/2\/2026\/02\/cropped-logo-sofat.fw_-1.png\",\"contentUrl\":\"https:\/\/www.marche-sn.com\/sofat\/wp-content\/uploads\/sites\/2\/2026\/02\/cropped-logo-sofat.fw_-1.png\",\"width\":500,\"height\":150,\"caption\":\"Sofat Store\"},\"image\":{\"@id\":\"https:\/\/www.marche-sn.com\/sofat\/#\/schema\/logo\/image\/\"}}]}<\/script>\n<!-- \/ Yoast SEO plugin. -->","yoast_head_json":{"title":"Sofat Store | Plus Proche de vos d\u00e9sirs!","robots":{"index":"index","follow":"follow","max-snippet":"max-snippet:-1","max-image-preview":"max-image-preview:large","max-video-preview":"max-video-preview:-1"},"canonical":"https:\/\/www.marche-sn.com\/sofat\/produits-avec-code-promo\/","og_locale":"fr_FR","og_type":"article","og_title":"Sofat Store | Plus Proche de vos d\u00e9sirs!","og_url":"https:\/\/www.marche-sn.com\/sofat\/produits-avec-code-promo\/","og_site_name":"Sofat Store","article_modified_time":"2026-04-22T22:43:45+00:00","twitter_card":"summary_large_image","twitter_misc":{"Dur\u00e9e de lecture estim\u00e9e":"1 minute"},"schema":{"@context":"https:\/\/schema.org","@graph":[{"@type":"WebPage","@id":"https:\/\/www.marche-sn.com\/sofat\/produits-avec-code-promo\/","url":"https:\/\/www.marche-sn.com\/sofat\/produits-avec-code-promo\/","name":"Sofat Store | Plus Proche de vos d\u00e9sirs!","isPartOf":{"@id":"https:\/\/www.marche-sn.com\/sofat\/#website"},"datePublished":"2026-04-22T22:07:18+00:00","dateModified":"2026-04-22T22:43:45+00:00","breadcrumb":{"@id":"https:\/\/www.marche-sn.com\/sofat\/produits-avec-code-promo\/#breadcrumb"},"inLanguage":"fr-FR","potentialAction":[{"@type":"ReadAction","target":["https:\/\/www.marche-sn.com\/sofat\/produits-avec-code-promo\/"]}]},{"@type":"BreadcrumbList","@id":"https:\/\/www.marche-sn.com\/sofat\/produits-avec-code-promo\/#breadcrumb","itemListElement":[{"@type":"ListItem","position":1,"name":"Accueil","item":"https:\/\/www.marche-sn.com\/sofat\/"},{"@type":"ListItem","position":2,"name":"Produits avec code promo"}]},{"@type":"WebSite","@id":"https:\/\/www.marche-sn.com\/sofat\/#website","url":"https:\/\/www.marche-sn.com\/sofat\/","name":"Sofat Store","description":"Plus proche de vos d\u00e9sirs!","publisher":{"@id":"https:\/\/www.marche-sn.com\/sofat\/#organization"},"potentialAction":[{"@type":"SearchAction","target":{"@type":"EntryPoint","urlTemplate":"https:\/\/www.marche-sn.com\/sofat\/?s={search_term_string}"},"query-input":{"@type":"PropertyValueSpecification","valueRequired":true,"valueName":"search_term_string"}}],"inLanguage":"fr-FR"},{"@type":"Organization","@id":"https:\/\/www.marche-sn.com\/sofat\/#organization","name":"Sofat Store","url":"https:\/\/www.marche-sn.com\/sofat\/","logo":{"@type":"ImageObject","inLanguage":"fr-FR","@id":"https:\/\/www.marche-sn.com\/sofat\/#\/schema\/logo\/image\/","url":"https:\/\/www.marche-sn.com\/sofat\/wp-content\/uploads\/sites\/2\/2026\/02\/cropped-logo-sofat.fw_-1.png","contentUrl":"https:\/\/www.marche-sn.com\/sofat\/wp-content\/uploads\/sites\/2\/2026\/02\/cropped-logo-sofat.fw_-1.png","width":500,"height":150,"caption":"Sofat Store"},"image":{"@id":"https:\/\/www.marche-sn.com\/sofat\/#\/schema\/logo\/image\/"}}]}},"jetpack_sharing_enabled":true,"_links":{"self":[{"href":"https:\/\/www.marche-sn.com\/sofat\/wp-json\/wp\/v2\/pages\/1167","targetHints":{"allow":["GET"]}}],"collection":[{"href":"https:\/\/www.marche-sn.com\/sofat\/wp-json\/wp\/v2\/pages"}],"about":[{"href":"https:\/\/www.marche-sn.com\/sofat\/wp-json\/wp\/v2\/types\/page"}],"author":[{"embeddable":true,"href":"https:\/\/www.marche-sn.com\/sofat\/wp-json\/wp\/v2\/users\/1"}],"replies":[{"embeddable":true,"href":"https:\/\/www.marche-sn.com\/sofat\/wp-json\/wp\/v2\/comments?post=1167"}],"version-history":[{"count":14,"href":"https:\/\/www.marche-sn.com\/sofat\/wp-json\/wp\/v2\/pages\/1167\/revisions"}],"predecessor-version":[{"id":1188,"href":"https:\/\/www.marche-sn.com\/sofat\/wp-json\/wp\/v2\/pages\/1167\/revisions\/1188"}],"wp:attachment":[{"href":"https:\/\/www.marche-sn.com\/sofat\/wp-json\/wp\/v2\/media?parent=1167"}],"curies":[{"name":"wp","href":"https:\/\/api.w.org\/{rel}","templated":true}]}}